{"id":2654,"date":"2020-10-21T18:28:09","date_gmt":"2020-10-21T16:28:09","guid":{"rendered":"https:\/\/tintoreriasronsel.es\/tienda\/?post_type=product&#038;p=2654"},"modified":"2024-07-04T17:23:29","modified_gmt":"2024-07-04T15:23:29","slug":"chaqueton-especiales","status":"publish","type":"product","link":"https:\/\/tintoreriasronsel.es\/tienda\/producto\/chaqueton-especiales\/","title":{"rendered":"Chaquet\u00f3n Especiales (Burberry, Hackett)"},"content":{"rendered":"<p>En el proceso de limpieza y desmanchado utilizamos productos que permiten la eliminaci\u00f3n de manchas producidas por accidentes de la vida diaria. La limpieza y en funci\u00f3n de la prenda se realizar\u00e1 en limpieza seco o lavado en h\u00famedo o <em>Wet-Cleaning.\u00a0<\/em><\/p>\n<p>En el Lavado Wet<i>&#8211;<\/i>Cleaning utilizamos detergentes biodegradables para un <em>lavado ecol\u00f3gico<\/em>, que tiene un impacto casi nulo con el medio ambiente.\u00a0Asimismo, aplicamos un proceso de <em>desodorizaci\u00f3n<\/em> encaminado a eliminar humo de combusti\u00f3n por la contaminaci\u00f3n, olores diversos.<\/p>\n<p>Para algunos tejidos (como por ejemplo el <em>lino<\/em>) o cualquier otro requerido por nuestros clientes, aplicamos <em>aprestos<\/em> para conseguir un mejor acabado.<\/p>\n<p><span style=\"font-weight: 400;\">Realizamos un planchado profesional y tradicional, que se fundamenta en 3 fases:\u00a0<\/span><\/p>\n<blockquote>\n<ul>\n<li><span style=\"font-weight: 400;\">Inicialmente estas prendas pasan por un maniqu\u00ed para <em>estirar<\/em> y dar forma a los abrigos.<\/span><\/li>\n<li><span style=\"font-weight: 400;\">En una s<\/span><span style=\"font-weight: 400;\">e<\/span><span style=\"font-weight: 400;\">gunda fase utilizamos prensa en donde <em>vaporizamos<\/em> y damos forma a la prenda para que adquiera su apresto y forma original, sin aplastar el tejido<\/span><\/li>\n<li><span style=\"font-weight: 400;\">y finalmente se realiza un <em>planchado<\/em> manual para quitar arrugas menores e imperfecciones, planchar los forros interiores tanto del cuerpo como de las mangas del abrigo.<\/span><\/li>\n<\/ul>\n<\/blockquote>\n<p><span style=\"font-weight: 400;\">Este sistema de planchado garantiza una calidad total, y evita que salgan brillos, o costuras marcadas, etc, al evitar la mayor fricci\u00f3n que se producir\u00eda con un planchado cien por cien manual.<\/span><\/p>\n","protected":false},"excerpt":{"rendered":"<p><span style=\"font-weight: 400;\">Limpieza, planchado de chaquetones de marcas exclusivas como <em>Burberry<\/em>, <em>Hackett<\/em>, <em>Prada<\/em>, <em>Valentino<\/em>, <em>Stella Mccartney<\/em>, <em>Bottega<\/em> <em>Veneta<\/em>, <em>Givenchy<\/em>, o chaquetones especiales para el fr\u00edo de marcas como <em>Woolrich<\/em>, etc.<\/span><\/p>\n<p><span style=\"font-weight: 400;\">No se incluyen los <em>chaquetones<\/em> de algunas de estas marcas que van encerados o resinados. \u2014 <a href=\"https:\/\/tintoreriasronsel.es\/tienda\/producto\/abrigo-chaqueton\/\">Ver: Abrigo o chaquet\u00f3n de piel<\/a>.<\/span><\/p>\n","protected":false},"featured_media":2658,"template":"","meta":{"_acf_changed":false,"_et_pb_use_builder":"","_et_pb_old_content":"","_et_gb_content_width":""},"product_brand":[],"product_cat":[203,247,201],"product_tag":[],"class_list":{"0":"post-2654","1":"product","2":"type-product","3":"status-publish","4":"has-post-thumbnail","6":"product_cat-abrigos","7":"product_cat-prendas-de-vestir","8":"product_cat-ropa-de-invierno","9":"product_shipping_class-envio-tienda","11":"first","12":"instock","13":"taxable","14":"shipping-taxable","15":"purchasable","16":"product-type-simple"},"acf":[],"_links":{"self":[{"href":"https:\/\/tintoreriasronsel.es\/tienda\/wp-json\/wp\/v2\/product\/2654","targetHints":{"allow":["GET"]}}],"collection":[{"href":"https:\/\/tintoreriasronsel.es\/tienda\/wp-json\/wp\/v2\/product"}],"about":[{"href":"https:\/\/tintoreriasronsel.es\/tienda\/wp-json\/wp\/v2\/types\/product"}],"wp:featuredmedia":[{"embeddable":true,"href":"https:\/\/tintoreriasronsel.es\/tienda\/wp-json\/wp\/v2\/media\/2658"}],"wp:attachment":[{"href":"https:\/\/tintoreriasronsel.es\/tienda\/wp-json\/wp\/v2\/media?parent=2654"}],"wp:term":[{"taxonomy":"product_brand","embeddable":true,"href":"https:\/\/tintoreriasronsel.es\/tienda\/wp-json\/wp\/v2\/product_brand?post=2654"},{"taxonomy":"product_cat","embeddable":true,"href":"https:\/\/tintoreriasronsel.es\/tienda\/wp-json\/wp\/v2\/product_cat?post=2654"},{"taxonomy":"product_tag","embeddable":true,"href":"https:\/\/tintoreriasronsel.es\/tienda\/wp-json\/wp\/v2\/product_tag?post=2654"}],"curies":[{"name":"wp","href":"https:\/\/api.w.org\/{rel}","templated":true}]}}