{"id":226754,"date":"2021-03-12T08:31:03","date_gmt":"2021-03-12T07:31:03","guid":{"rendered":"https:\/\/tintoreriasronsel.es\/tienda\/?post_type=product&#038;p=226754"},"modified":"2025-12-19T21:13:54","modified_gmt":"2025-12-19T20:13:54","slug":"pared-entretelada","status":"publish","type":"product","link":"https:\/\/tintoreriasronsel.es\/tienda\/producto\/pared-entretelada\/","title":{"rendered":"Pared entretelada"},"content":{"rendered":"<p>El m\u00e9todo que utilizamos para realizar la limpieza de la pared de tela es de inyecci\u00f3n-extracci\u00f3n utilizando los mejores productos del mercado que garantizan la eliminaci\u00f3n de <em>\u00e1caros<\/em>, <em>bacterias<\/em>, <em>g\u00e9rmenes<\/em> y <em>malos olores,<\/em> sin ning\u00fan riesgo de toxicidad o alergias.<\/p>\n","protected":false},"excerpt":{"rendered":"<p><span style=\"font-weight: 400;\">Limpieza y desinfecci\u00f3n de paredes revestida de tela o entreteladas, tejidos murales adosados, tensados, revestimientos textiles murales en casa, murales de pared.<\/span><\/p>\n","protected":false},"featured_media":229753,"template":"","meta":{"_acf_changed":false,"_et_pb_use_builder":"","_et_pb_old_content":"","_et_gb_content_width":""},"product_brand":[],"product_cat":[322,329,328],"product_tag":[],"class_list":{"0":"post-226754","1":"product","2":"type-product","3":"status-publish","4":"has-post-thumbnail","6":"product_cat-limpieza-en-casa","7":"product_cat-presupuestos-2","8":"product_cat-tejidos-murales","10":"first","11":"instock","12":"taxable","13":"shipping-taxable","14":"purchasable","15":"product-type-simple"},"acf":[],"_links":{"self":[{"href":"https:\/\/tintoreriasronsel.es\/tienda\/wp-json\/wp\/v2\/product\/226754","targetHints":{"allow":["GET"]}}],"collection":[{"href":"https:\/\/tintoreriasronsel.es\/tienda\/wp-json\/wp\/v2\/product"}],"about":[{"href":"https:\/\/tintoreriasronsel.es\/tienda\/wp-json\/wp\/v2\/types\/product"}],"wp:featuredmedia":[{"embeddable":true,"href":"https:\/\/tintoreriasronsel.es\/tienda\/wp-json\/wp\/v2\/media\/229753"}],"wp:attachment":[{"href":"https:\/\/tintoreriasronsel.es\/tienda\/wp-json\/wp\/v2\/media?parent=226754"}],"wp:term":[{"taxonomy":"product_brand","embeddable":true,"href":"https:\/\/tintoreriasronsel.es\/tienda\/wp-json\/wp\/v2\/product_brand?post=226754"},{"taxonomy":"product_cat","embeddable":true,"href":"https:\/\/tintoreriasronsel.es\/tienda\/wp-json\/wp\/v2\/product_cat?post=226754"},{"taxonomy":"product_tag","embeddable":true,"href":"https:\/\/tintoreriasronsel.es\/tienda\/wp-json\/wp\/v2\/product_tag?post=226754"}],"curies":[{"name":"wp","href":"https:\/\/api.w.org\/{rel}","templated":true}]}}