{"id":1958,"date":"2019-09-09T19:57:48","date_gmt":"2019-09-09T17:57:48","guid":{"rendered":"https:\/\/tintoreriasronsel.es\/tienda\/?post_type=product&#038;p=1958"},"modified":"2026-02-03T12:10:00","modified_gmt":"2026-02-03T11:10:00","slug":"blusa-de-sevillana","status":"publish","type":"product","link":"https:\/\/tintoreriasronsel.es\/tienda\/producto\/blusa-de-sevillana\/","title":{"rendered":"Blusa de sevillana"},"content":{"rendered":"<p>En el proceso de desmanchado y limpieza utilizamos procesos basados en t\u00e9cnicas tradicionales, y con productos espec\u00edficos de \u00faltima generaci\u00f3n, lo que nos permite eliminar las manchas de bebidas, as\u00ed como las temibles manchas de suciedad en los <em>bajos<\/em>.<br \/>\nLos procesos son realizados por personal cualificado, con amplia experiencia en el manejo de estas prendas delicadas, de colores vivos y elaborados con <em>tintes<\/em> muy delicados.<\/p>\n<p>En el proceso de planchado utilizamos t\u00e9cnica tradicional utilizando maquinaria especializada para <em>planchado al vapor y presi\u00f3n<\/em>, para que la prenda recupere su apariencia original, posteriormente la prenda se finaliza mediante un proceso de plancha manual, en manos de expertos, con muchos a\u00f1os de experiencia en el planchado de tejidos naturales y delicados.<\/p>\n<p>Este proceso garantiza un acabado perfecto, sin brillos ni marcas en el tejido.<\/p>\n","protected":false},"excerpt":{"rendered":"<p><span style=\"font-weight: 400;\"><em>Desmanchado<\/em>, <em>limpieza<\/em> y <em>planchado<\/em> de <\/span><span style=\"font-weight: 400;\"><em>Blusas Flamencas<\/em> o\u00a0 Blusas de <em>Chorreras<\/em><\/span><\/p>\n","protected":false},"featured_media":224762,"template":"","meta":{"_acf_changed":false,"_et_pb_use_builder":"","_et_pb_old_content":"","_et_gb_content_width":""},"product_brand":[],"product_cat":[159,247,161],"product_tag":[540],"class_list":{"0":"post-1958","1":"product","2":"type-product","3":"status-publish","4":"has-post-thumbnail","6":"product_cat-oficiales-y-regionales","7":"product_cat-prendas-de-vestir","8":"product_cat-regionales-folcloricos","9":"product_tag-14-dias","11":"first","12":"instock","13":"taxable","14":"shipping-taxable","15":"purchasable","16":"product-type-simple"},"acf":[],"_links":{"self":[{"href":"https:\/\/tintoreriasronsel.es\/tienda\/wp-json\/wp\/v2\/product\/1958","targetHints":{"allow":["GET"]}}],"collection":[{"href":"https:\/\/tintoreriasronsel.es\/tienda\/wp-json\/wp\/v2\/product"}],"about":[{"href":"https:\/\/tintoreriasronsel.es\/tienda\/wp-json\/wp\/v2\/types\/product"}],"wp:featuredmedia":[{"embeddable":true,"href":"https:\/\/tintoreriasronsel.es\/tienda\/wp-json\/wp\/v2\/media\/224762"}],"wp:attachment":[{"href":"https:\/\/tintoreriasronsel.es\/tienda\/wp-json\/wp\/v2\/media?parent=1958"}],"wp:term":[{"taxonomy":"product_brand","embeddable":true,"href":"https:\/\/tintoreriasronsel.es\/tienda\/wp-json\/wp\/v2\/product_brand?post=1958"},{"taxonomy":"product_cat","embeddable":true,"href":"https:\/\/tintoreriasronsel.es\/tienda\/wp-json\/wp\/v2\/product_cat?post=1958"},{"taxonomy":"product_tag","embeddable":true,"href":"https:\/\/tintoreriasronsel.es\/tienda\/wp-json\/wp\/v2\/product_tag?post=1958"}],"curies":[{"name":"wp","href":"https:\/\/api.w.org\/{rel}","templated":true}]}}

<p>En el proceso de desmanchado y limpieza utilizamos procesos basados en técnicas tradicionales, y con productos específicos de última generación, lo que nos permite eliminar las manchas de bebidas, así como las temibles manchas de suciedad en los <em>bajos</em>.<br />
Los procesos son realizados por personal cualificado, con amplia experiencia en el manejo de estas prendas delicadas, de colores vivos y elaborados con <em>tintes</em> muy delicados.</p>
<p>En el proceso de planchado utilizamos técnica tradicional utilizando maquinaria especializada para <em>planchado al vapor y presión</em>, para que la prenda recupere su apariencia original, posteriormente la prenda se finaliza mediante un proceso de plancha manual, en manos de expertos, con muchos años de experiencia en el planchado de tejidos naturales y delicados.</p>
<p>Este proceso garantiza un acabado perfecto, sin brillos ni marcas en el tejido.</p>
