{"id":257091,"date":"2025-09-01T08:08:57","date_gmt":"2025-09-01T06:08:57","guid":{"rendered":"https:\/\/tintoreriasronsel.es\/tienda\/?page_id=257091"},"modified":"2026-03-03T12:45:07","modified_gmt":"2026-03-03T11:45:07","slug":"energias-limpias","status":"publish","type":"page","link":"https:\/\/tintoreriasronsel.es\/tienda\/energias-limpias\/","title":{"rendered":"En Tintorer\u00edas Ronsel contribuimos con la producci\u00f3n de energ\u00edas limpias"},"content":{"rendered":"<p>[et_pb_section fb_built=\u00bb1&#8243; fullwidth=\u00bbon\u00bb _builder_version=\u00bb4.27.4&#8243; _module_preset=\u00bb823ce878-3029-43b3-8abe-629fa3a9f11f\u00bb da_disable_devices=\u00bboff|off|off\u00bb global_colors_info=\u00bb{}\u00bb da_is_popup=\u00bboff\u00bb da_exit_intent=\u00bboff\u00bb da_has_close=\u00bbon\u00bb da_alt_close=\u00bboff\u00bb da_dark_close=\u00bboff\u00bb da_not_modal=\u00bbon\u00bb da_is_singular=\u00bboff\u00bb da_with_loader=\u00bboff\u00bb da_has_shadow=\u00bbon\u00bb][et_pb_fullwidth_slider _builder_version=\u00bb4.27.4&#8243; _module_preset=\u00bbf256feb6-47d0-454a-8b24-05a06e6ba2ce\u00bb global_colors_info=\u00bb{}\u00bb][et_pb_slide heading=\u00bbInstalaci\u00f3n solar fotovoltaica Ronsel, para producir energ\u00eda limpia\u00bb _builder_version=\u00bb4.27.4&#8243; _module_preset=\u00bbc3ac9349-aa86-4eba-8ae2-ad7ef5a513e2&#8243; background_image=\u00bbhttps:\/\/tintoreriasronsel.es\/_assets\/slide_energias-limpias-ronsel.webp\u00bb global_colors_info=\u00bb{}\u00bb sticky_transition=\u00bbon\u00bb]<\/p>\n<p>En Ronsel nos preocupamos, porque nuestros productos y servicios cumplan con los est\u00e1ndares de excelencia, en calidad medioambiental<\/p>\n<p>[\/et_pb_slide][\/et_pb_fullwidth_slider][\/et_pb_section][et_pb_section fb_built=\u00bb1&#8243; _builder_version=\u00bb4.27.4&#8243; _module_preset=\u00bbdefault\u00bb background_color=\u00bbRGBA(255,255,255,0)\u00bb background_image=\u00bbhttps:\/\/tintoreriasronsel.es\/_assets\/webp\/sombra-capa.webp\u00bb background_size=\u00bbcontain\u00bb background_position=\u00bbtop_center\u00bb custom_margin=\u00bb0px||||false|false\u00bb custom_padding=\u00bb0px||||false|false\u00bb da_disable_devices=\u00bboff|off|off\u00bb global_colors_info=\u00bb{}\u00bb da_is_popup=\u00bboff\u00bb da_exit_intent=\u00bboff\u00bb da_has_close=\u00bbon\u00bb da_alt_close=\u00bboff\u00bb da_dark_close=\u00bboff\u00bb da_not_modal=\u00bbon\u00bb da_is_singular=\u00bboff\u00bb da_with_loader=\u00bboff\u00bb da_has_shadow=\u00bbon\u00bb][et_pb_row _builder_version=\u00bb4.27.4&#8243; _module_preset=\u00bb11248acd-95f2-441d-b466-62b1a9cf67c8&#8243; global_colors_info=\u00bb{}\u00bb][et_pb_column type=\u00bb4_4&#8243; _builder_version=\u00bb4.27.4&#8243; _module_preset=\u00bbdefault\u00bb global_colors_info=\u00bb{}\u00bb][et_pb_heading title=\u00bb@ET-DC@eyJkeW5hbWljIjp0cnVlLCJjb250ZW50IjoicG9zdF90aXRsZSIsInNldHRpbmdzIjp7ImJlZm9yZSI6IiIsImFmdGVyIjoiIn19@\u00bb _builder_version=\u00bb4.27.4&#8243; _dynamic_attributes=\u00bbtitle\u00bb _module_preset=\u00bbc88a714a-1137-4742-bbe0-999ea2af2593&#8243; global_colors_info=\u00bb{}\u00bb][\/et_pb_heading][\/et_pb_column][\/et_pb_row][et_pb_row column_structure=\u00bb2_3,1_3&#8243; _builder_version=\u00bb4.27.4&#8243; _module_preset=\u00bb37eb2ac9-85d2-41b2-b7d2-a39dd2121996&#8243; global_colors_info=\u00bb{}\u00bb][et_pb_column type=\u00bb2_3&#8243; _builder_version=\u00bb4.27.4&#8243; _module_preset=\u00bbdefault\u00bb global_colors_info=\u00bb{}\u00bb][et_pb_text _builder_version=\u00bb4.27.4&#8243; _module_preset=\u00bbed843646-dd90-4212-9af2-292331f3c906&#8243; global_colors_info=\u00bb{}\u00bb]<\/p>\n<p>En\u00a0<strong>Tintorer\u00edas Ronsel<\/strong>\u00a0hemos llevado nuestra vocaci\u00f3n por la limpieza, hasta introducir\u00a0<em>nuevas tecnolog\u00edas<\/em>, en el modo en que obtenemos la energ\u00eda, para el funcionamiento de las maquinarias con las que llevamos a cabo nuestro oficio; porque hemos dotado nuestra planta de producci\u00f3n de tintorer\u00eda con una\u00a0<strong>instalaci\u00f3n solar fotovoltaica<\/strong>\u00a0para producir una gran parte de nuestra propia\u00a0<em>energ\u00eda, limpia y renovable<\/em>, y para formar parte activa de la transici\u00f3n energ\u00e9tica en Espa\u00f1a.<\/p>\n<p>En el mes de abril de 2022, hemos instalado sobre el techo de la nave de nuestra empresa, una bater\u00eda de paneles solares, con una capacidad de generar hasta 30 kilovatios por hora, con lo que estamos cubriendo, por lo menos, un 60 por ciento de nuestras necesidades de energ\u00eda el\u00e9ctrica.<\/p>\n<p>Ya con la instalaci\u00f3n puesta en marcha, y como el edificio de nuestra planta de producci\u00f3n recibe recibe mucho sol, porque est\u00e1 orientado al suroeste, estamos esperando alcanzar la meta de ser casi autosuficientes durante los meses de primavera y verano, de cada a\u00f1o.<\/p>\n<p>Es de esperar que a mediano plazo podamos medir el impacto de estas medidas, sobre la reducci\u00f3n de los costes finales de nuestra operaci\u00f3n, y del aporte que hacemos a la sociedad en la protecci\u00f3n del medio ambiente. Esto sumado a la incorporaci\u00f3n de materiales medioambientalmente m\u00e1s sostenibles en los procesos de lavado y limpieza de prendas de vestir y del hogar.<\/p>\n<p>En Ronsel esperamos que a futuro, nuestros esfuerzos por el bien de todos, y nuestra permanente preocupaci\u00f3n por entregar productos y servicios acordes a los est\u00e1ndares de\u00a0<em>excelencia en calidad medioambiental<\/em>, nos permitan poder seguir contando la confianza de nuestros clientes y amigos.<\/p>\n<p>[\/et_pb_text][\/et_pb_column][et_pb_column type=\u00bb1_3&#8243; _builder_version=\u00bb4.27.4&#8243; _module_preset=\u00bbdefault\u00bb custom_padding=\u00bb|||40px|false|false\u00bb border_width_left=\u00bb1px\u00bb border_color_left=\u00bbrgba(36,36,36,0.15)\u00bb global_colors_info=\u00bb{}\u00bb][et_pb_blurb title=\u00bb\u00a1Somos parte activa de la transici\u00f3n energ\u00e9tica en Espa\u00f1a!\u00bb use_icon=\u00bbon\u00bb font_icon=\u00bb&#xf1e6;||fa||900&#8243; admin_label=\u00bbAnuncio Empresa Familiar\u00bb _builder_version=\u00bb4.27.4&#8243; _module_preset=\u00bb69b17a76-dd7c-4098-94e4-6b8f6302ff81&#8243; locked=\u00bboff\u00bb global_colors_info=\u00bb{}\u00bb]El gobierno a trav\u00e9s del\u00a0<em>Instituto para la Diversificaci\u00f3n y Ahorro de la Energ\u00eda<\/em>\u00a0(IDAE), la\u00a0<em>Fundaci\u00f3n de la Energ\u00eda<\/em>, el\u00a0<em>Ministerio para la transici\u00f3n ecol\u00f3gica<\/em>\u00a0y del\u00a0<em>Mecanismo Recuperaci\u00f3n y Resilencia<\/em>\u00a0(Next Generatio EU) implementados por la\u00a0<em>Uni\u00f3n Europea<\/em>\u00a0para ayudar a reparar los da\u00f1os econ\u00f3micos y sociales causados por la pandemia, ha contribuido con un subsidio del 35 por ciento del total de nuestra inversi\u00f3n de m\u00e1s de $45,000 \u20ac.<\/p>\n<div style=\"tex-align:left!important; margin:25px auto;\">\n<div class=\"image-box style-2 mb-20 text-left\">\n<div class=\"\">\n\t\t\t\t\t\t\t\t\t<img decoding=\"async\" class=\"mb-10 lazyload\" src=\"data:image\/gif;base64,R0lGODlhAQABAAAAACH5BAEKAAEALAAAAAABAAEAAAICTAEAOw==\" alt=\"\" data-src=\"https:\/\/tintoreriasronsel.es\/images\/box\/financia-union.webp\"><br \/>\n\t\t\t\t\t\t\t\t\t<img decoding=\"async\" class=\"mb-10 lazyload\" src=\"data:image\/gif;base64,R0lGODlhAQABAAAAACH5BAEKAAEALAAAAAABAAEAAAICTAEAOw==\" alt=\"\" data-src=\"https:\/\/tintoreriasronsel.es\/images\/box\/financia-ministerio.webp\"><br \/>\n\t\t\t\t\t\t\t\t\t<img decoding=\"async\" class=\"mb-10 lazyload\" src=\"data:image\/gif;base64,R0lGODlhAQABAAAAACH5BAEKAAEALAAAAAABAAEAAAICTAEAOw==\" alt=\"\" data-src=\"https:\/\/tintoreriasronsel.es\/images\/box\/financia-idae.webp\"><br \/>\n\t\t\t\t\t\t\t\t\t<img decoding=\"async\" class=\"mb-10 lazyload\" src=\"data:image\/gif;base64,R0lGODlhAQABAAAAACH5BAEKAAEALAAAAAABAAEAAAICTAEAOw==\" alt=\"\" data-src=\"https:\/\/tintoreriasronsel.es\/images\/box\/financia-planR.webp\"><br \/>\n\t\t\t\t\t\t\t\t\t<img decoding=\"async\" class=\"mb-10 lazyload\" src=\"data:image\/gif;base64,R0lGODlhAQABAAAAACH5BAEKAAEALAAAAAABAAEAAAICTAEAOw==\" alt=\"\" data-src=\"https:\/\/tintoreriasronsel.es\/images\/box\/financia-fundacion.webp\">\n\t\t\t\t\t\t\t\t<\/div>\n<\/p><\/div>\n<\/p><\/div>\n<p>[\/et_pb_blurb][et_pb_code admin_label=\u00bb&#8212;-Separador Aqua Derecha&#8212;-\u00bb _builder_version=\u00bb4.20.2&#8243; _module_preset=\u00bbdefault\u00bb custom_margin=\u00bb25px||||false|false\u00bb global_colors_info=\u00bb{}\u00bb]<\/p>\n<div id=\"separator-black\" style=\"width: 90%;<!-- [et_pb_line_break_holder] -->    margin: 30px 0px 30px 20px;<!-- [et_pb_line_break_holder] -->    position: relative;<!-- [et_pb_line_break_holder] -->    height: 2px;<!-- [et_pb_line_break_holder] -->    -webkit-backface-visibility: hidden;<!-- [et_pb_line_break_holder] -->    -webkit-transform: translateZ(0) scale(1, 1);<!-- [et_pb_line_break_holder] -->    background: linear-gradient(to right, rgba(99,213,202, 0) 0%, rgba(0,127,127, 0.5) 33%, rgba(0,187,187, 0.5) 66%, rgba(0, 0, 0, 0) 100%);\u00bb><\/div>\n<p>[\/et_pb_code][et_pb_wc_cart_totals _builder_version=\u00bb4.27.4&#8243; _module_preset=\u00bbd855d02c-6162-41da-8018-151819d9accc\u00bb global_colors_info=\u00bb{}\u00bb][\/et_pb_wc_cart_totals][\/et_pb_column][\/et_pb_row][\/et_pb_section]<\/p>\n","protected":false},"excerpt":{"rendered":"<p>En Ronsel nos preocupamos, porque nuestros productos y servicios cumplan con los est\u00e1ndares de excelencia, en calidad medioambientalEn\u00a0Tintorer\u00edas Ronsel\u00a0hemos llevado nuestra vocaci\u00f3n por la limpieza, hasta introducir\u00a0nuevas tecnolog\u00edas, en el modo en que obtenemos la energ\u00eda, para el funcionamiento de las maquinarias con las que llevamos a cabo nuestro oficio; porque hemos dotado nuestra planta [&hellip;]<\/p>\n","protected":false},"author":2,"featured_media":0,"parent":0,"menu_order":0,"comment_status":"closed","ping_status":"closed","template":"","meta":{"_acf_changed":false,"_et_pb_use_builder":"on","_et_pb_old_content":"","_et_gb_content_width":"","footnotes":""},"class_list":["post-257091","page","type-page","status-publish","hentry"],"acf":[],"_links":{"self":[{"href":"https:\/\/tintoreriasronsel.es\/tienda\/wp-json\/wp\/v2\/pages\/257091","targetHints":{"allow":["GET"]}}],"collection":[{"href":"https:\/\/tintoreriasronsel.es\/tienda\/wp-json\/wp\/v2\/pages"}],"about":[{"href":"https:\/\/tintoreriasronsel.es\/tienda\/wp-json\/wp\/v2\/types\/page"}],"author":[{"embeddable":true,"href":"https:\/\/tintoreriasronsel.es\/tienda\/wp-json\/wp\/v2\/users\/2"}],"replies":[{"embeddable":true,"href":"https:\/\/tintoreriasronsel.es\/tienda\/wp-json\/wp\/v2\/comments?post=257091"}],"version-history":[{"count":0,"href":"https:\/\/tintoreriasronsel.es\/tienda\/wp-json\/wp\/v2\/pages\/257091\/revisions"}],"wp:attachment":[{"href":"https:\/\/tintoreriasronsel.es\/tienda\/wp-json\/wp\/v2\/media?parent=257091"}],"curies":[{"name":"wp","href":"https:\/\/api.w.org\/{rel}","templated":true}]}}